1, 59, 163
List the prime factors of 2732000.
2, 5, 683
What are the prime factors of 3571441?
3571441
What are the prime factors of 117611?
13, 83, 109
List the prime factors of 335857.
335857
What are the prime factors of 256872?
2, 3, 7, 11, 139
What are the prime factors of 385575?
3, 5, 53, 97
List the prime factors of 3662039.
3662039
What are the prime factors of 2891013?
3, 743, 1297
List the prime factors of 451024.
2, 7, 4027
What are the prime factors of 4999?
4999
List the prime factors of 1253165.
5, 41, 6113
List the prime factors of 3660428.
2, 211, 4337
What are the prime factors of 506497?
43, 11779
What are the prime factors of 1702321?
1702321
What are the prime factors of 9861788?
2, 227, 10861
What are the prime factors of 187898?
2, 93949
List the prime factors of 5408587.
29, 421, 443
What are the prime factors of 5625585?
3, 5, 7, 5953
What are the prime factors of 156261?
3, 7, 1063
List the prime factors of 200206.
2, 100103
What are the prime factors of 288444?
2, 3, 13, 43
List the prime factors of 67607.
67607
What are the prime factors of 7039983?
3, 109, 21529
What are the prime factors of 5262818?
2, 11, 139, 1721
List the prime factors of 348646.
2, 47, 3709
List the prime factors of 85953.
3, 7, 4093
What are the prime factors of 2906515?
5, 581303
List the prime factors of 151318.
2, 75659
What are the prime factors of 50436?
2, 3, 467
What are the prime factors of 7142618?
2, 7, 17, 30011
What are the prime factors of 369265?
5, 13, 19, 23
List the prime factors of 775084.
2, 193771
List the prime factors of 111697.
111697
What are the prime factors of 213078?
2, 3, 17, 2089
List the prime factors of 1239207.
3, 413069
List the prime factors of 141405.
3, 5, 11, 857
List the prime factors of 13707.
3, 1523
List the prime factors of 3029102.
2, 1514551
List the prime factors of 1673886.
2, 3, 278981
What are the prime factors of 17749813?
23, 239, 3229
List the prime factors of 22007181.
3, 7, 1047961
List the prime factors of 225661.
113, 1997
List the prime factors of 26944126.
2, 11, 547, 2239
What are the prime factors of 1294614?
2, 3, 71, 1013
What are the prime factors of 1504922?
2, 647, 1163
What are the prime factors of 743460?
2, 3, 5, 12391
List the prime factors of 4021402.
2, 7, 11, 26113
List the prime factors of 2319532.
2, 579883
What are the prime factors of 56167?
56167
List the prime factors of 644232.
2, 3, 17, 1579
What are the prime factors of 11432404?
2, 2858101
List the prime factors of 2758100.
2, 5, 27581
List the prime factors of 6162314.
2, 59, 52223
What are the prime factors of 1122813?
3, 73, 1709
List the prime factors of 5393886.
2, 3, 898981
List the prime factors of 787788.
2, 3, 79, 277
List the prime factors of 1145453.
19, 167
What are the prime factors of 405125?
5, 7, 463
List the prime factors of 2930624.
2, 29, 1579
What are the prime factors of 467359?
41, 11399
What are the prime factors of 1189975?
5, 47599
List the prime factors of 9829608.
2, 3, 29, 487
What are the prime factors of 310277?
11, 67, 421
What are the prime factors of 66483?
3, 83, 89
List the prime factors of 167413.
167413
What are the prime factors of 13647806?
2, 29, 235307
List the prime factors of 23866855.
5, 29, 164599
List the prime factors of 1473088.
2, 23017
What are the prime factors of 554003?
554003
List the prime factors of 1170277.
1170277
What are the prime factors of 5699660?
2, 5, 29, 31, 317
List the prime factors of 1838985.
3, 5, 122599
What are the prime factors of 2827711?
617, 4583
List the prime factors of 8441898.
2, 3, 1406983
List the prime factors of 772243.
643, 1201
List the prime factors of 1216988.
2, 19, 67, 239
List the prime factors of 6106483.
6106483
What are the prime factors of 373320?
2, 3, 5, 17, 61
What are the prime factors of 13939423?
73, 257, 743
List the prime factors of 2387874.
2, 3, 149, 2671
What are the prime factors of 14056027?
14056027
What are the prime factors of 2268193?
2268193
List the prime factors of 73930.
2, 5, 7393
What are the prime factors of 14630157?
3, 1625573
List the prime factors of 1276690.
2, 5, 127669
List the prime factors of 3441090.
2, 3, 5, 19, 6037
List the prime factors of 4790988.
2, 3, 31, 53
List the prime factors of 687065.
5, 137413
What are the prime factors of 3688900?
2, 5, 37, 997
List the prime factors of 1748756.
2, 17, 25717
List the prime factors of 473672.
2, 59209
What are the prime factors of 843857?
7, 120551
What are the prime factors of 213267?
3, 71089
List the prime factors of 6963005.
5, 7, 198943
List the prime factors of 14698.
2, 7349
What are the prime factors of 1038811?
1038811
What are the prime factors of 1529681?
113, 13537
What are the prime factors of 1088290?
2, 5, 7, 2221
What are the prime factors of 15676983?
3, 7, 43, 643
List the prime factors of 408481.
19, 21499
List the prime factors of 16142138.
2, 37, 218137
List the prime factors of 228205.
5, 45641
What are the prime factors of 50599?
50599
List the prime factors of 2281902.
2, 3, 7, 54331
List the prime factors of 149753.
17, 23, 383
List the prime factors of 2338847.
7, 23, 73, 199
What are the prime factors of 15033868?
2, 3758467
List the prime factors of 142491.
3, 47497
What are the prime factors of 6771325?
5, 11, 24623
What are the prime factors of 152059?
73, 2083
What are the prime factors of 6608269?
6608269
What are the prime factors of 2441092?
2, 89, 6857
What are the prime factors of 8614483?
8614483
List the prime factors of 12479835.
3, 5, 367, 2267
List the prime factors of 9378903.
3, 283, 11047
List the prime factors of 4868342.
2, 1301, 1871
List the prime factors of 31004060.
2, 5, 1550203
List the prime factors of 261197.
149, 1753
What are the prime factors of 712049?
13, 54773
List the prime factors of 299746.
2, 149873
What are the prime factors of 2299434?
2, 3, 179, 2141
What are the prime factors of 172864?
2, 37, 73
List the prime factors of 1398264.
2, 3, 7, 29, 41
List the prime factors of 18767323.
269, 69767
What are the prime factors of 634957?
37, 131
What are the prime factors of 3628525?
5, 19, 7639
What are the prime factors of 392382?
2, 3, 21799
List the prime factors of 276220.
2, 5, 7, 1973
List the prime factors of 926834.
2, 61, 71, 107
What are the prime factors of 306425?
5, 7, 17, 103
List the prime factors of 72388.
2, 18097
What are the prime factors of 415120?
2, 5, 5189
What are the prime factors of 4839653?
7, 13, 4091
What are the prime factors of 54866?
2, 7, 3919
What are the prime factors of 4574757?
3, 11, 138629
List the prime factors of 20691760.
2, 5, 19, 13613
What are the prime factors of 14911?
13, 31, 37
List the prime factors of 35414902.
2, 103, 171917
What are the prime factors of 67187?
67187
List the prime factors of 18415526.
2, 9207763
What are the prime factors of 207645?
3, 5, 109, 127
What are the prime factors of 871250?
2, 5, 17, 41
List the prime factors of 55128.
2, 3, 2297
List the prime factors of 2782369.
821, 3389
List the prime factors of 2318239.
7, 11, 17, 23
What are the prime factors of 281106?
2, 3, 7, 23, 97
List the prime factors of 2761083.
3, 13, 23599
What are the prime factors of 11446751?
11446751
List the prime factors of 393831.
3, 43759
List the prime factors of 34079.
53, 643
What are the prime factors of 3432482?
2, 1716241
List the prime factors of 1776291.
3, 11, 19, 2833
List the prime factors of 14517280.
2, 5, 41, 2213
List the prime factors of 740256.
2, 3, 11, 701
What are the prime factors of 21521657?
31, 53, 13099
What are the prime factors of 2756526?
2, 3, 459421
What are the prime factors of 85542?
2, 3, 53, 269
What are the prime factors of 502606?
2, 13, 1487
List the prime factors of 20607321.
3, 7, 981301
What are the prime factors of 5588003?
853, 6551
What are the prime factors of 18567113?
829, 22397
List the prime factors of 6146108.
2, 1536527
What are the prime factors of 198885?
3, 5, 13259
What are the prime factors of 2086459?
2086459
What are the prime factors of 19742820?
2, 3, 5, 47, 7001
What are the prime factors of 2197978?
2, 1098989
List the prime factors of 3508577.
1709, 2053
List the prime factors of 254009.
7, 131, 277
What are the prime factors of 31610160?
2, 3, 5, 43, 1021
W